{"id":17,"date":"2014-09-01T00:00:51","date_gmt":"2014-08-31T22:00:51","guid":{"rendered":"http:\/\/konso.at\/page\/?page_id=17"},"modified":"2014-10-02T11:48:17","modified_gmt":"2014-10-02T09:48:17","slug":"moderationen","status":"publish","type":"page","link":"http:\/\/konso.at\/page\/coaching\/moderationen\/","title":{"rendered":"Moderationen"},"content":{"rendered":"<h1>Moderationen<\/h1>\n<h4>Teamsitzungen\/ Besprechungen<\/h4>\n<p>Ihr Nutzen einer &#8222;neutralen&#8220; Moderatorin bei<\/p>\n<ul class=\"disc\">\n<li>der Pr\u00e4sentation &#8222;heikler&#8220; Ergebnisse<\/li>\n<li>der Einhaltung der Meeting-Kultur<\/li>\n<li>einer differenzierten, mutigen Au\u00dfensicht<\/li>\n<li>der Einhaltung Ihres Zeitmanagements<\/li>\n<\/ul>\n<h4>Events<\/h4>\n<p>Ihr Nutzen<\/p>\n<ul class=\"disc\">\n<li>Erfolg durch Kompetenz, pers\u00f6nlicher Stimmung und authentische Begeisterung<\/li>\n<li>Inhaltliche Auseinandersetzung mit Ihrem Thema und pers\u00f6nlicher Kontakt mit den Akteuren\/ Referenten<\/li>\n<\/ul>\n","protected":false},"excerpt":{"rendered":"<p>Moderationen Teamsitzungen\/ Besprechungen Ihr Nutzen einer &#8222;neutralen&#8220; Moderatorin bei der Pr\u00e4sentation &#8222;heikler&#8220; Ergebnisse der Einhaltung der Meeting-Kultur einer differenzierten, mutigen Au\u00dfensicht der Einhaltung Ihres Zeitmanagements Events Ihr Nutzen Erfolg durch Kompetenz, pers\u00f6nlicher Stimmung und authentische Begeisterung Inhaltliche Auseinandersetzung mit Ihrem Thema und pers\u00f6nlicher Kontakt mit den Akteuren\/ Referenten<\/p>\n","protected":false},"author":1,"featured_media":0,"parent":7,"menu_order":50,"comment_status":"open","ping_status":"open","template":"","meta":{"footnotes":"","_links_to":"","_links_to_target":""},"_links":{"self":[{"href":"http:\/\/konso.at\/page\/wp-json\/wp\/v2\/pages\/17"}],"collection":[{"href":"http:\/\/konso.at\/page\/wp-json\/wp\/v2\/pages"}],"about":[{"href":"http:\/\/konso.at\/page\/wp-json\/wp\/v2\/types\/page"}],"author":[{"embeddable":true,"href":"http:\/\/konso.at\/page\/wp-json\/wp\/v2\/users\/1"}],"replies":[{"embeddable":true,"href":"http:\/\/konso.at\/page\/wp-json\/wp\/v2\/comments?post=17"}],"version-history":[{"count":1,"href":"http:\/\/konso.at\/page\/wp-json\/wp\/v2\/pages\/17\/revisions"}],"predecessor-version":[{"id":18,"href":"http:\/\/konso.at\/page\/wp-json\/wp\/v2\/pages\/17\/revisions\/18"}],"up":[{"embeddable":true,"href":"http:\/\/konso.at\/page\/wp-json\/wp\/v2\/pages\/7"}],"wp:attachment":[{"href":"http:\/\/konso.at\/page\/wp-json\/wp\/v2\/media?parent=17"}],"curies":[{"name":"wp","href":"https:\/\/api.w.org\/{rel}","templated":true}]}}